{"id":107,"date":"2023-12-12T11:37:38","date_gmt":"2023-12-12T11:37:38","guid":{"rendered":"https:\/\/www.delfiori.com.br\/advocatorio\/?page_id=107"},"modified":"2024-02-24T07:16:02","modified_gmt":"2024-02-24T07:16:02","slug":"planos","status":"publish","type":"page","link":"https:\/\/www.delfiori.com.br\/advocatorio\/planos\/","title":{"rendered":"Planos"},"content":{"rendered":"<p>[vc_row full_content_width=&#8221;row-inner-full&#8221; top=&#8221;0px&#8221; bottom=&#8221;33px&#8221;][vc_column][vc_single_image image=&#8221;693&#8243; img_size=&#8221;full&#8221;][\/vc_column][\/vc_row][vc_row top=&#8221;33px&#8221; bg_color=&#8221;#ffffff&#8221;][vc_column width=&#8221;1\/4&#8243; el_id=&#8221;box-plano&#8221;][vc_column_text css=&#8221;.vc_custom_1708758731070{padding-top: 7px !important;padding-right: 7px !important;padding-bottom: 7px !important;padding-left: 7px !important;}&#8221; el_id=&#8221;box-plano-titulo&#8221;]<\/p>\n<p style=\"text-align: center;\"><span style=\"color: #000000; font-size: 16px;\"><strong>REGISTO GRATUITO<\/strong><\/span><\/p>\n<hr style=\"width: 80%; background-color: #c59813; height: 2px; margin-left: 10%; margin-top: -9px; margin-bottom: 5px;\" \/>\n<p style=\"text-align: center;\"><span style=\"color: #808080; font-size: 10pt;\">Valor e recursos:<\/span><\/p>\n<p>[\/vc_column_text][vc_column_text css=&#8221;.vc_custom_1707969660333{padding-top: 7px !important;padding-right: 7px !important;padding-bottom: 7px !important;padding-left: 7px !important;}&#8221; el_id=&#8221;box-plano-valor&#8221;]<\/p>\n<p style=\"text-align: center;\"><span style=\"color: #ffffff; font-size: 10pt;\"><span style=\"font-size: 14pt;\"><b>Gratuito<br \/>\n<\/b><\/span>\u00a0<\/span><\/p>\n<p>[\/vc_column_text][vc_spacer size=&#8221;7px&#8221;][vc_row_inner el_class=&#8221;box-plano-itens&#8221;][vc_column_inner][vc_list_item icon_color=&#8221;#81d742&#8243;]Possibilidade de inscri\u00e7\u00e3o com as informa\u00e7\u00f5es necess\u00e1rias para a composi\u00e7\u00e3o do perfil[\/vc_list_item][\/vc_column_inner][\/vc_row_inner][vc_spacer size=&#8221;7px&#8221;][vc_row_inner el_class=&#8221;box-plano-itens-nao&#8221;][vc_column_inner][vc_list_item icon_color=&#8221;#015196&#8243;]O perfil come\u00e7a a ser exibido apenas em 3 categorias a serem definidas pelo advogado[\/vc_list_item][\/vc_column_inner][\/vc_row_inner][vc_spacer size=&#8221;7px&#8221;][vc_row_inner el_class=&#8221;box-plano-itens-nao&#8221;][vc_column_inner][vc_list_item icon_color=&#8221;#015196&#8243;]O perfil vai exibir: A aba \u201creceba consulta jur\u00eddica\u201d, \u201cSobre mim\u201d, \u201cFoto de perfil\u201d, \u201cavalia\u00e7\u00f5es dos clientes\u201d, \u201ccoment\u00e1rios\u201d[\/vc_list_item][\/vc_column_inner][\/vc_row_inner][vc_spacer size=&#8221;7px&#8221;][vc_row_inner el_class=&#8221;box-plano-itens-nao&#8221;][vc_column_inner][vc_list_item icon_color=&#8221;#015196&#8243;]Crach\u00e1 de Membro (Designer) e o N\u00famero da C\u00e9dula Profissional[\/vc_list_item][\/vc_column_inner][\/vc_row_inner][vc_spacer size=&#8221;7px&#8221;][vc_row_inner el_class=&#8221;box-plano-itens-nao&#8221;][vc_column_inner][vc_list_item icon_color=&#8221;#015196&#8243;]O perfil \u00e9 alistado em todas categorias de actua\u00e7\u00e3o do Advogado[\/vc_list_item][\/vc_column_inner][\/vc_row_inner][vc_spacer size=&#8221;7px&#8221;][vc_row_inner el_class=&#8221;box-plano-itens-nao&#8221;][vc_column_inner][vc_list_item icon_color=&#8221;#015196&#8243;]O perfil exibe o n\u00famero de telefone[\/vc_list_item][\/vc_column_inner][\/vc_row_inner][vc_spacer size=&#8221;7px&#8221;][vc_row_inner el_class=&#8221;box-plano-itens-nao&#8221;][vc_column_inner][vc_list_item icon_color=&#8221;#015196&#8243;]Exibe avalia\u00e7\u00f5es, coment\u00e1rios e m\u00f3dulo QR[\/vc_list_item][\/vc_column_inner][\/vc_row_inner][vc_spacer size=&#8221;7px&#8221;][vc_row_inner el_class=&#8221;box-plano-itens-nao&#8221;][vc_column_inner][vc_list_item icon_color=&#8221;#015196&#8243;]Publica\u00e7\u00e3o de artigos ou postagens no blog do diret\u00f3rio[\/vc_list_item][\/vc_column_inner][\/vc_row_inner][vc_spacer size=&#8221;7px&#8221;][vc_row_inner el_class=&#8221;box-plano-itens-nao&#8221;][vc_column_inner][vc_list_item icon_color=&#8221;#015196&#8243;]Pode aceder aos perfis patrocinados para que os seus advogados apare\u00e7am na primeira p\u00e1gina[\/vc_list_item][\/vc_column_inner][\/vc_row_inner][vc_spacer size=&#8221;7px&#8221;][vc_row_inner el_class=&#8221;box-plano-itens-nao&#8221;][vc_column_inner][vc_list_item icon_color=&#8221;#015196&#8243;]O perfil \u00e9 alistado em todas as categorias descritas pelo escrit\u00f3rio nos resultados de pesquisas[\/vc_list_item][\/vc_column_inner][\/vc_row_inner][vc_spacer size=&#8221;7px&#8221;][vc_row_inner el_class=&#8221;box-plano-itens-nao&#8221;][vc_column_inner][vc_list_item icon_color=&#8221;#015196&#8243;]Acesso ilimitado \u00e0 \u00c1rea de Membros (Modelos de Documentos, Relat\u00f3rios, Leis, Cursos, Eventos online)[\/vc_list_item][\/vc_column_inner][\/vc_row_inner][vc_spacer size=&#8221;7px&#8221;][vc_row_inner el_class=&#8221;box-plano-itens-nao&#8221;][vc_column_inner][vc_list_item icon_color=&#8221;#015196&#8243;]Descontos nos eventos promovidos pela Administra\u00e7\u00e3o da Plataforma[\/vc_list_item][\/vc_column_inner][\/vc_row_inner][vc_spacer size=&#8221;9px&#8221;][vc_btn title=&#8221;REGISTE-SE&#8221; color=&#8221;green&#8221; size=&#8221;lg&#8221; align=&#8221;center&#8221; button_block=&#8221;true&#8221; link=&#8221;url:https%3A%2F%2Fwww.delfiori.com.br%2Fadvocatorio%2Fregiste-se%2F|||&#8221;][\/vc_column][vc_column width=&#8221;1\/4&#8243; el_id=&#8221;box-plano&#8221;][vc_column_text css=&#8221;.vc_custom_1708758739651{padding-top: 7px !important;padding-right: 7px !important;padding-bottom: 7px !important;padding-left: 7px !important;}&#8221; el_id=&#8221;box-plano-titulo&#8221;]<\/p>\n<p style=\"text-align: center;\"><span style=\"color: #000000; font-size: 16px;\"><strong>PLANO B\u00c1SICO<\/strong><\/span><\/p>\n<hr style=\"width: 80%; background-color: #c59813; height: 2px; margin-left: 10%; margin-top: -9px; margin-bottom: 5px;\" \/>\n<p style=\"text-align: center;\"><span style=\"color: #808080; font-size: 10pt;\">Valor e recursos:<\/span><\/p>\n<p>[\/vc_column_text][vc_column_text css=&#8221;.vc_custom_1707969273372{padding-top: 7px !important;padding-right: 7px !important;padding-bottom: 7px !important;padding-left: 7px !important;}&#8221; el_id=&#8221;box-plano-valor&#8221;]<\/p>\n<p style=\"text-align: center;\"><span style=\"color: #ffffff; font-size: 10pt;\"><span style=\"font-size: 14pt;\"><b>3499 kzs<\/b> por m\u00eas<\/span><b><br \/>\n<\/b>Ano: <b>3499 kzs<\/b> X 10<\/span><\/p>\n<p>[\/vc_column_text][vc_spacer size=&#8221;7px&#8221;][vc_row_inner el_class=&#8221;box-plano-itens&#8221;][vc_column_inner][vc_list_item icon_color=&#8221;#81d742&#8243;]Possibilidade de inscri\u00e7\u00e3o com as informa\u00e7\u00f5es necess\u00e1rias para a composi\u00e7\u00e3o do perfil[\/vc_list_item][\/vc_column_inner][\/vc_row_inner][vc_spacer size=&#8221;7px&#8221;][vc_row_inner el_class=&#8221;box-plano-itens&#8221;][vc_column_inner][vc_list_item icon_color=&#8221;#81d742&#8243;]O perfil come\u00e7a a ser exibido apenas em 3 categorias a serem definidas pelo advogado[\/vc_list_item][\/vc_column_inner][\/vc_row_inner][vc_spacer size=&#8221;7px&#8221;][vc_row_inner el_class=&#8221;box-plano-itens&#8221;][vc_column_inner][vc_list_item icon_color=&#8221;#81d742&#8243;]O perfil vai exibir: A aba \u201creceba consulta jur\u00eddica\u201d, \u201cSobre mim\u201d, \u201cFoto de perfil\u201d, \u201cavalia\u00e7\u00f5es dos clientes\u201d, \u201ccoment\u00e1rios\u201d[\/vc_list_item][\/vc_column_inner][\/vc_row_inner][vc_spacer size=&#8221;7px&#8221;][vc_row_inner el_class=&#8221;box-plano-itens-nao&#8221;][vc_column_inner][vc_list_item icon_color=&#8221;#015196&#8243;]Crach\u00e1 de Membro (Designer) e o N\u00famero da C\u00e9dula Profissional[\/vc_list_item][\/vc_column_inner][\/vc_row_inner][vc_spacer size=&#8221;7px&#8221;][vc_row_inner el_class=&#8221;box-plano-itens-nao&#8221;][vc_column_inner][vc_list_item icon_color=&#8221;#015196&#8243;]O perfil \u00e9 alistado em todas categorias de actua\u00e7\u00e3o do Advogado[\/vc_list_item][\/vc_column_inner][\/vc_row_inner][vc_spacer size=&#8221;7px&#8221;][vc_row_inner el_class=&#8221;box-plano-itens-nao&#8221;][vc_column_inner][vc_list_item icon_color=&#8221;#015196&#8243;]O perfil exibe o n\u00famero de telefone[\/vc_list_item][\/vc_column_inner][\/vc_row_inner][vc_spacer size=&#8221;7px&#8221;][vc_row_inner el_class=&#8221;box-plano-itens-nao&#8221;][vc_column_inner][vc_list_item icon_color=&#8221;#015196&#8243;]Exibe avalia\u00e7\u00f5es, coment\u00e1rios e m\u00f3dulo QR[\/vc_list_item][\/vc_column_inner][\/vc_row_inner][vc_spacer size=&#8221;7px&#8221;][vc_row_inner el_class=&#8221;box-plano-itens-nao&#8221;][vc_column_inner][vc_list_item icon_color=&#8221;#015196&#8243;]Publica\u00e7\u00e3o de artigos ou postagens no blog do diret\u00f3rio[\/vc_list_item][\/vc_column_inner][\/vc_row_inner][vc_spacer size=&#8221;7px&#8221;][vc_row_inner el_class=&#8221;box-plano-itens-nao&#8221;][vc_column_inner][vc_list_item icon_color=&#8221;#015196&#8243;]Pode aceder aos perfis patrocinados para que os seus advogados apare\u00e7am na primeira p\u00e1gina[\/vc_list_item][\/vc_column_inner][\/vc_row_inner][vc_spacer size=&#8221;7px&#8221;][vc_row_inner el_class=&#8221;box-plano-itens-nao&#8221;][vc_column_inner][vc_list_item icon_color=&#8221;#015196&#8243;]O perfil \u00e9 alistado em todas as categorias descritas pelo escrit\u00f3rio nos resultados de pesquisas[\/vc_list_item][\/vc_column_inner][\/vc_row_inner][vc_spacer size=&#8221;7px&#8221;][vc_row_inner el_class=&#8221;box-plano-itens-nao&#8221;][vc_column_inner][vc_list_item icon_color=&#8221;#015196&#8243;]Acesso ilimitado \u00e0 \u00c1rea de Membros (Modelos de Documentos, Relat\u00f3rios, Leis, Cursos, Eventos online)[\/vc_list_item][\/vc_column_inner][\/vc_row_inner][vc_spacer size=&#8221;7px&#8221;][vc_row_inner el_class=&#8221;box-plano-itens-nao&#8221;][vc_column_inner][vc_list_item icon_color=&#8221;#015196&#8243;]Descontos nos eventos promovidos pela Administra\u00e7\u00e3o da Plataforma[\/vc_list_item][\/vc_column_inner][\/vc_row_inner][vc_spacer size=&#8221;9px&#8221;][vc_btn title=&#8221;REGISTE-SE&#8221; color=&#8221;green&#8221; size=&#8221;lg&#8221; align=&#8221;center&#8221; button_block=&#8221;true&#8221; link=&#8221;url:https%3A%2F%2Fwww.delfiori.com.br%2Fadvocatorio%2Fregiste-se%2F|||&#8221;][\/vc_column][vc_column width=&#8221;1\/4&#8243; el_id=&#8221;box-plano&#8221;][vc_column_text css=&#8221;.vc_custom_1708758746958{padding-top: 7px !important;padding-right: 7px !important;padding-bottom: 7px !important;padding-left: 7px !important;}&#8221; el_id=&#8221;box-plano-titulo&#8221;]<\/p>\n<p style=\"text-align: center;\"><span style=\"color: #000000; font-size: 16px;\"><strong>PROFISSIONAL PREMIUM<\/strong><\/span><\/p>\n<hr style=\"width: 80%; background-color: #c59813; height: 2px; margin-left: 10%; margin-top: -9px; margin-bottom: 5px;\" \/>\n<p style=\"text-align: center;\"><span style=\"color: #808080; font-size: 10pt;\">Valor e recursos:<\/span><\/p>\n<p>[\/vc_column_text][vc_column_text css=&#8221;.vc_custom_1707969592477{padding-top: 7px !important;padding-right: 7px !important;padding-bottom: 7px !important;padding-left: 7px !important;}&#8221; el_id=&#8221;box-plano-valor&#8221;]<\/p>\n<p style=\"text-align: center;\"><span style=\"color: #ffffff; font-size: 10pt;\"><span style=\"font-size: 14pt;\"><b>6499 kzs<\/b> por m\u00eas<\/span><b><br \/>\n<\/b>Ano: 6<b>499 kzs<\/b> X 10<\/span><\/p>\n<p>[\/vc_column_text][vc_spacer size=&#8221;7px&#8221;][vc_row_inner el_class=&#8221;box-plano-itens&#8221;][vc_column_inner][vc_list_item icon_color=&#8221;#81d742&#8243;]Possibilidade de inscri\u00e7\u00e3o com as informa\u00e7\u00f5es necess\u00e1rias para a composi\u00e7\u00e3o do perfil[\/vc_list_item][\/vc_column_inner][\/vc_row_inner][vc_spacer size=&#8221;7px&#8221;][vc_row_inner el_class=&#8221;box-plano-itens&#8221;][vc_column_inner][vc_list_item icon_color=&#8221;#81d742&#8243;]O perfil come\u00e7a a ser exibido apenas em 3 categorias a serem definidas pelo advogado[\/vc_list_item][\/vc_column_inner][\/vc_row_inner][vc_spacer size=&#8221;7px&#8221;][vc_row_inner el_class=&#8221;box-plano-itens&#8221;][vc_column_inner][vc_list_item icon_color=&#8221;#81d742&#8243;]O perfil vai exibir: A aba \u201creceba consulta jur\u00eddica\u201d, \u201cSobre mim\u201d, \u201cFoto de perfil\u201d, \u201cavalia\u00e7\u00f5es dos clientes\u201d, \u201ccoment\u00e1rios\u201d[\/vc_list_item][\/vc_column_inner][\/vc_row_inner][vc_spacer size=&#8221;7px&#8221;][vc_row_inner el_class=&#8221;box-plano-itens&#8221;][vc_column_inner][vc_list_item icon_color=&#8221;#81d742&#8243;]Crach\u00e1 de Membro (Designer) e o N\u00famero da C\u00e9dula Profissional[\/vc_list_item][\/vc_column_inner][\/vc_row_inner][vc_spacer size=&#8221;7px&#8221;][vc_row_inner el_class=&#8221;box-plano-itens&#8221;][vc_column_inner][vc_list_item icon_color=&#8221;#81d742&#8243;]O perfil \u00e9 alistado em todas categorias de actua\u00e7\u00e3o do Advogado[\/vc_list_item][\/vc_column_inner][\/vc_row_inner][vc_spacer size=&#8221;7px&#8221;][vc_row_inner el_class=&#8221;box-plano-itens&#8221;][vc_column_inner][vc_list_item icon_color=&#8221;#81d742&#8243;]O perfil exibe o n\u00famero de telefone[\/vc_list_item][\/vc_column_inner][\/vc_row_inner][vc_spacer size=&#8221;7px&#8221;][vc_row_inner el_class=&#8221;box-plano-itens&#8221;][vc_column_inner][vc_list_item icon_color=&#8221;#81d742&#8243;]Exibe avalia\u00e7\u00f5es, coment\u00e1rios e m\u00f3dulo QR[\/vc_list_item][\/vc_column_inner][\/vc_row_inner][vc_spacer size=&#8221;7px&#8221;][vc_row_inner el_class=&#8221;box-plano-itens&#8221;][vc_column_inner][vc_list_item icon_color=&#8221;#81d742&#8243;]Publica\u00e7\u00e3o de artigos ou postagens no blog do diret\u00f3rio[\/vc_list_item][\/vc_column_inner][\/vc_row_inner][vc_spacer size=&#8221;7px&#8221;][vc_row_inner el_class=&#8221;box-plano-itens&#8221;][vc_column_inner][vc_list_item icon_color=&#8221;#81d742&#8243;]Pode aceder aos perfis patrocinados para que os seus advogados apare\u00e7am na primeira p\u00e1gina[\/vc_list_item][\/vc_column_inner][\/vc_row_inner][vc_spacer size=&#8221;7px&#8221;][vc_row_inner el_class=&#8221;box-plano-itens&#8221;][vc_column_inner][vc_list_item icon_color=&#8221;#81d742&#8243;]O perfil \u00e9 alistado em todas as categorias descritas pelo escrit\u00f3rio nos resultados de pesquisas[\/vc_list_item][\/vc_column_inner][\/vc_row_inner][vc_spacer size=&#8221;7px&#8221;][vc_row_inner el_class=&#8221;box-plano-itens&#8221;][vc_column_inner][vc_list_item icon_color=&#8221;#81d742&#8243;]Acesso ilimitado \u00e0 \u00c1rea de Membros (Modelos de Documentos, Relat\u00f3rios, Leis, Cursos, Eventos online)[\/vc_list_item][\/vc_column_inner][\/vc_row_inner][vc_spacer size=&#8221;7px&#8221;][vc_row_inner el_class=&#8221;box-plano-itens&#8221;][vc_column_inner][vc_list_item icon_color=&#8221;#81d742&#8243;]Descontos nos eventos promovidos pela Administra\u00e7\u00e3o da Plataforma[\/vc_list_item][\/vc_column_inner][\/vc_row_inner][vc_spacer size=&#8221;9px&#8221;][vc_btn title=&#8221;REGISTE-SE&#8221; color=&#8221;green&#8221; size=&#8221;lg&#8221; align=&#8221;center&#8221; button_block=&#8221;true&#8221; link=&#8221;url:https%3A%2F%2Fwww.delfiori.com.br%2Fadvocatorio%2Fregiste-se%2F|||&#8221;][\/vc_column][vc_column width=&#8221;1\/4&#8243; el_id=&#8221;box-plano&#8221;][vc_column_text css=&#8221;.vc_custom_1708758753517{padding-top: 7px !important;padding-right: 7px !important;padding-bottom: 7px !important;padding-left: 7px !important;}&#8221; el_id=&#8221;box-plano-titulo&#8221;]<\/p>\n<p style=\"text-align: center;\"><span style=\"color: #000000; font-size: 16px;\"><strong>PREMIUM PARA EMPRESAS<\/strong><\/span><\/p>\n<hr style=\"width: 80%; background-color: #c59813; height: 2px; margin-left: 10%; margin-top: -9px; margin-bottom: 5px;\" \/>\n<p style=\"text-align: center;\"><span style=\"color: #808080; font-size: 10pt;\">Valor e recursos:<\/span><\/p>\n<p>[\/vc_column_text][vc_column_text css=&#8221;.vc_custom_1707969620628{padding-top: 7px !important;padding-right: 7px !important;padding-bottom: 7px !important;padding-left: 7px !important;}&#8221; el_id=&#8221;box-plano-valor&#8221;]<\/p>\n<p style=\"text-align: center;\"><span style=\"color: #ffffff; font-size: 10pt;\"><span style=\"font-size: 14pt;\"><b>Sectorial<\/b><\/span><b><br \/>\n<\/b>\u00a0<\/span><\/p>\n<p>[\/vc_column_text][vc_spacer size=&#8221;7px&#8221;][vc_row_inner el_class=&#8221;box-plano-itens&#8221;][vc_column_inner][vc_list_item icon_color=&#8221;#81d742&#8243;]Inclui TODAS AS DEFINI\u00c7\u00d5ES do pacote Premium Profissional como acesso ilimitado \u00e0 \u00c1rea de Membros;[\/vc_list_item][\/vc_column_inner][\/vc_row_inner][vc_spacer size=&#8221;7px&#8221;][vc_row_inner el_class=&#8221;box-plano-itens&#8221;][vc_column_inner][vc_list_item icon_color=&#8221;#81d742&#8243;]Listagem Priorit\u00e1ria: As empresas subscritoras poder\u00e3o aparecer no topo dos resultados de pesquisa sempre que os usu\u00e1rios procederem os servi\u00e7os de buscas[\/vc_list_item][\/vc_column_inner][\/vc_row_inner][vc_spacer size=&#8221;7px&#8221;][vc_row_inner el_class=&#8221;box-plano-itens&#8221;][vc_column_inner][vc_list_item icon_color=&#8221;#81d742&#8243;]Perfil Personalizado: As empresas ter\u00e3o a oportunidade de criar um perfil personalizado que destaque as suas informa\u00e7\u00f5es comerciais, especializa\u00e7\u00f5es e hist\u00f3rico[\/vc_list_item][\/vc_column_inner][\/vc_row_inner][vc_spacer size=&#8221;7px&#8221;][vc_row_inner el_class=&#8221;box-plano-itens&#8221;][vc_column_inner][vc_list_item icon_color=&#8221;#81d742&#8243;]Logo e Imagens: A inclus\u00e3o do logotipo e imagens da empresa no perfil aumenta a visibilidade e a atratividade visual[\/vc_list_item][\/vc_column_inner][\/vc_row_inner][vc_spacer size=&#8221;7px&#8221;][vc_row_inner el_class=&#8221;box-plano-itens&#8221;][vc_column_inner][vc_list_item icon_color=&#8221;#81d742&#8243;]Links para o Site: Os assinantes podem incluir links directos para o site da empresa, direcionando o tr\u00e1fego de usu\u00e1rios interessados[\/vc_list_item][\/vc_column_inner][\/vc_row_inner][vc_spacer size=&#8221;7px&#8221;][vc_row_inner el_class=&#8221;box-plano-itens&#8221;][vc_column_inner][vc_list_item icon_color=&#8221;#81d742&#8243;]Avalia\u00e7\u00f5es dos Clientes: As empresas poder\u00e3o exibir avalia\u00e7\u00f5es positivas de clientes anteriores, aspecto que eleva a confian\u00e7a dos usu\u00e1rios[\/vc_list_item][\/vc_column_inner][\/vc_row_inner][vc_spacer size=&#8221;7px&#8221;][vc_row_inner el_class=&#8221;box-plano-itens&#8221;][vc_column_inner][vc_list_item icon_color=&#8221;#81d742&#8243;]Destaques nas Listas de Recomenda\u00e7\u00e3o: Empresas subscritoras receber\u00e3o destaque especial nas listas de recomenda\u00e7\u00e3o e categorias relevantes[\/vc_list_item][\/vc_column_inner][\/vc_row_inner][vc_spacer size=&#8221;7px&#8221;][vc_row_inner el_class=&#8221;box-plano-itens&#8221;][vc_column_inner][vc_list_item icon_color=&#8221;#81d742&#8243;]Suporte Priorit\u00e1rio: O suporte ao cliente dedicado estar\u00e1 dispon\u00edvel para atender \u00e0s necessidades das empresas utentes do pacote premium[\/vc_list_item][\/vc_column_inner][\/vc_row_inner][vc_spacer size=&#8221;46px&#8221;][vc_btn title=&#8221;REGISTE-SE&#8221; color=&#8221;green&#8221; size=&#8221;lg&#8221; align=&#8221;center&#8221; button_block=&#8221;true&#8221; link=&#8221;url:https%3A%2F%2Fwww.delfiori.com.br%2Fadvocatorio%2Fregiste-se%2F|||&#8221;][\/vc_column][\/vc_row][vc_row full_content_width=&#8221;row-inner-full&#8221; top=&#8221;0px&#8221; bottom=&#8221;0px&#8221;][vc_column][vc_raw_html]JTNDc3R5bGUlM0UlMEElMEFsaSUyMCU3QiUwQSUyMCUyMGxpbmUtaGVpZ2h0JTNBJTIwMThweCUzQiUwQSUyMCUyMG1hcmdpbi1ib3R0b20lM0ElMjAzM3B4JTNCJTBBJTdEJTBBJTBBJTNDJTJGc3R5bGUlM0U=[\/vc_raw_html][\/vc_column][\/vc_row]<\/p>\n","protected":false},"excerpt":{"rendered":"<p>[vc_row full_content_width=&#8221;row-inner-full&#8221; top=&#8221;0px&#8221; bottom=&#8221;33px&#8221;][vc_column][vc_single_image image=&#8221;693&#8243; img_size=&#8221;full&#8221;][\/vc_column][\/vc_row][vc_row top=&#8221;33px&#8221; bg_color=&#8221;#ffffff&#8221;][vc_column width=&#8221;1\/4&#8243; el_id=&#8221;box-plano&#8221;][vc_column_text css=&#8221;.vc_custom_1708758731070{padding-top: 7px !important;padding-right: 7px !important;padding-bottom: 7px !important;padding-left: 7px !important;}&#8221; el_id=&#8221;box-plano-titulo&#8221;] REGISTO GRATUITO Valor e recursos: [\/vc_column_text][vc_column_text css=&#8221;.vc_custom_1707969660333{padding-top: 7px !important;padding-right: 7px !important;padding-bottom: 7px !important;padding-left: 7px !important;}&#8221; el_id=&#8221;box-plano-valor&#8221;] Gratuito \u00a0 [\/vc_column_text][vc_spacer size=&#8221;7px&#8221;][vc_row_inner el_class=&#8221;box-plano-itens&#8221;][vc_column_inner][vc_list_item icon_color=&#8221;#81d742&#8243;]Possibilidade de inscri\u00e7\u00e3o com as informa\u00e7\u00f5es necess\u00e1rias para a composi\u00e7\u00e3o do perfil[\/vc_list_item][\/vc_column_inner][\/vc_row_inner][vc_spacer size=&#8221;7px&#8221;][vc_row_inner el_class=&#8221;box-plano-itens-nao&#8221;][vc_column_inner][vc_list_item [&hellip;]<\/p>\n","protected":false},"author":2,"featured_media":0,"parent":0,"menu_order":0,"comment_status":"closed","ping_status":"open","template":"page-full-width.php","meta":{"footnotes":""},"_links":{"self":[{"href":"https:\/\/www.delfiori.com.br\/advocatorio\/wp-json\/wp\/v2\/pages\/107"}],"collection":[{"href":"https:\/\/www.delfiori.com.br\/advocatorio\/wp-json\/wp\/v2\/pages"}],"about":[{"href":"https:\/\/www.delfiori.com.br\/advocatorio\/wp-json\/wp\/v2\/types\/page"}],"author":[{"embeddable":true,"href":"https:\/\/www.delfiori.com.br\/advocatorio\/wp-json\/wp\/v2\/users\/2"}],"replies":[{"embeddable":true,"href":"https:\/\/www.delfiori.com.br\/advocatorio\/wp-json\/wp\/v2\/comments?post=107"}],"version-history":[{"count":97,"href":"https:\/\/www.delfiori.com.br\/advocatorio\/wp-json\/wp\/v2\/pages\/107\/revisions"}],"predecessor-version":[{"id":926,"href":"https:\/\/www.delfiori.com.br\/advocatorio\/wp-json\/wp\/v2\/pages\/107\/revisions\/926"}],"wp:attachment":[{"href":"https:\/\/www.delfiori.com.br\/advocatorio\/wp-json\/wp\/v2\/media?parent=107"}],"curies":[{"name":"wp","href":"https:\/\/api.w.org\/{rel}","templated":true}]}}