{"id":303,"date":"2024-02-01T20:04:11","date_gmt":"2024-02-01T20:04:11","guid":{"rendered":"https:\/\/www.delfiori.com.br\/advocatorio\/?page_id=303"},"modified":"2024-02-01T20:04:11","modified_gmt":"2024-02-01T20:04:11","slug":"eventos","status":"publish","type":"page","link":"https:\/\/www.delfiori.com.br\/advocatorio\/eventos\/","title":{"rendered":"Calend\u00e1rio de Eventos"},"content":{"rendered":"<p>[vc_row full_content_width=&#8221;row-inner-full&#8221; bg_cover=&#8221;cover&#8221; bg_position=&#8221;Center top&#8221; bg_attachment=&#8221;fixed&#8221; bg_image=&#8221;250&#8243;][vc_column][vc_spacer size=&#8221;100px&#8221;][\/vc_column][\/vc_row][vc_row top=&#8221;33px&#8221; bg_color=&#8221;#ffffff&#8221;][vc_column][vc_column_text]<span style=\"font-size: 14pt;\">O Advocat\u00f3rio \u00e9 um servi\u00e7o de classifica\u00e7\u00e3o de advogados que actuam no territ\u00f3rio angolano com destaque nas diversas \u00e1reas da pr\u00e1tica do Direito e da Justi\u00e7a e que pretendam alcan\u00e7ar um alto grau de reconhecimento por pares no \u00e2mbito profissional. A express\u00e3o Advocat\u00f3rio foi originalmente concebida pelos idealizadores da plataforma ao terem aglutinado as express\u00f5es, Advocacia e Direct\u00f3rio.<\/span><\/p>\n<p><span style=\"font-size: 14pt;\">A plataforma \u00e9 propriedade da empresa angolana de consultoria Webclick. Lda, fundada pelos consultores Gon\u00e7alo e Gorete Capilo Leit\u00e3o. Promover o acesso \u00e0 justi\u00e7a enquanto imperativo constitucional na Rep\u00fablica de Angola por conectar cidad\u00e3os e advogados qualificados e facilitar o exerc\u00edcio da advocacia e da justi\u00e7a \u00e9 a nossa Miss\u00e3o.<\/span><\/p>\n<p><span style=\"font-size: 14pt;\"><strong>CONSTITUI\u00c7\u00c3O DA REP\u00daBLICA DE ANGOLA<\/strong><\/span><\/p>\n<p><span style=\"font-size: 14pt;\"><strong>ARTIGO 29<\/strong><\/span><\/p>\n<p><span style=\"font-size: 14pt;\"><em>\u00abA todos \u00e9 assegurado o acesso ao direito e aos tribunais para defesa dos seus direitos e interesses legalmente protegidos, n\u00e3o podendo a justi\u00e7a ser denegada por insufici\u00eancia dos meios econ\u00f3micos\u00bb<\/em><\/span>[\/vc_column_text][\/vc_column][\/vc_row][vc_row full_content_width=&#8221;row-inner-full&#8221; top=&#8221;0px&#8221; bottom=&#8221;0px&#8221;][vc_column][vc_raw_html]JTNDc3R5bGUlM0UlMEElMEFsaSUyMCU3QiUwQSUyMCUyMGxpbmUtaGVpZ2h0JTNBJTIwMThweCUzQiUwQSUyMCUyMG1hcmdpbi1ib3R0b20lM0ElMjAzM3B4JTNCJTBBJTdEJTBBJTBBJTNDJTJGc3R5bGUlM0U=[\/vc_raw_html][\/vc_column][\/vc_row]<\/p>\n","protected":false},"excerpt":{"rendered":"<p>[vc_row full_content_width=&#8221;row-inner-full&#8221; bg_cover=&#8221;cover&#8221; bg_position=&#8221;Center top&#8221; bg_attachment=&#8221;fixed&#8221; bg_image=&#8221;250&#8243;][vc_column][vc_spacer size=&#8221;100px&#8221;][\/vc_column][\/vc_row][vc_row top=&#8221;33px&#8221; bg_color=&#8221;#ffffff&#8221;][vc_column][vc_column_text]O Advocat\u00f3rio \u00e9 um servi\u00e7o de classifica\u00e7\u00e3o de advogados que actuam no territ\u00f3rio angolano com destaque nas diversas \u00e1reas da pr\u00e1tica do Direito e da Justi\u00e7a e que pretendam alcan\u00e7ar um alto grau de reconhecimento por pares no \u00e2mbito profissional. A express\u00e3o Advocat\u00f3rio foi originalmente concebida [&hellip;]<\/p>\n","protected":false},"author":2,"featured_media":0,"parent":0,"menu_order":0,"comment_status":"closed","ping_status":"open","template":"page-full-width.php","meta":{"footnotes":""},"_links":{"self":[{"href":"https:\/\/www.delfiori.com.br\/advocatorio\/wp-json\/wp\/v2\/pages\/303"}],"collection":[{"href":"https:\/\/www.delfiori.com.br\/advocatorio\/wp-json\/wp\/v2\/pages"}],"about":[{"href":"https:\/\/www.delfiori.com.br\/advocatorio\/wp-json\/wp\/v2\/types\/page"}],"author":[{"embeddable":true,"href":"https:\/\/www.delfiori.com.br\/advocatorio\/wp-json\/wp\/v2\/users\/2"}],"replies":[{"embeddable":true,"href":"https:\/\/www.delfiori.com.br\/advocatorio\/wp-json\/wp\/v2\/comments?post=303"}],"version-history":[{"count":1,"href":"https:\/\/www.delfiori.com.br\/advocatorio\/wp-json\/wp\/v2\/pages\/303\/revisions"}],"predecessor-version":[{"id":306,"href":"https:\/\/www.delfiori.com.br\/advocatorio\/wp-json\/wp\/v2\/pages\/303\/revisions\/306"}],"wp:attachment":[{"href":"https:\/\/www.delfiori.com.br\/advocatorio\/wp-json\/wp\/v2\/media?parent=303"}],"curies":[{"name":"wp","href":"https:\/\/api.w.org\/{rel}","templated":true}]}}

Calendário de Eventos

<p>[vc_row full_content_width=&#8221;row-inner-full&#8221; bg_cover=&#8221;cover&#8221; bg_position=&#8221;Center top&#8221; bg_attachment=&#8221;fixed&#8221; bg_image=&#8221;250&#8243;][vc_column][vc_spacer size=&#8221;100px&#8221;][/vc_column][/vc_row][vc_row top=&#8221;33px&#8221; bg_color=&#8221;#ffffff&#8221;][vc_column][vc_column_text]<span style="font-size: 14pt;">O Advocatório é um serviço de classificação de advogados que actuam no território angolano com destaque nas diversas áreas da prática do Direito e da Justiça e que pretendam alcançar um alto grau de reconhecimento por pares no âmbito profissional. A expressão Advocatório foi originalmente concebida pelos idealizadores da plataforma ao terem aglutinado as expressões, Advocacia e Directório.</span></p>
<p><span style="font-size: 14pt;">A plataforma é propriedade da empresa angolana de consultoria Webclick. Lda, fundada pelos consultores Gonçalo e Gorete Capilo Leitão. Promover o acesso à justiça enquanto imperativo constitucional na República de Angola por conectar cidadãos e advogados qualificados e facilitar o exercício da advocacia e da justiça é a nossa Missão.</span></p>
<p><span style="font-size: 14pt;"><strong>CONSTITUIÇÃO DA REPÚBLICA DE ANGOLA</strong></span></p>
<p><span style="font-size: 14pt;"><strong>ARTIGO 29</strong></span></p>
<p><span style="font-size: 14pt;"><em>«A todos é assegurado o acesso ao direito e aos tribunais para defesa dos seus direitos e interesses legalmente protegidos, não podendo a justiça ser denegada por insuficiência dos meios económicos»</em></span>[/vc_column_text][/vc_column][/vc_row][vc_row full_content_width=&#8221;row-inner-full&#8221; top=&#8221;0px&#8221; bottom=&#8221;0px&#8221;][vc_column][vc_raw_html]JTNDc3R5bGUlM0UlMEElMEFsaSUyMCU3QiUwQSUyMCUyMGxpbmUtaGVpZ2h0JTNBJTIwMThweCUzQiUwQSUyMCUyMG1hcmdpbi1ib3R0b20lM0ElMjAzM3B4JTNCJTBBJTdEJTBBJTBBJTNDJTJGc3R5bGUlM0U=[/vc_raw_html][/vc_column][/vc_row]</p>

<p>[vc_row full_content_width=&#8221;row-inner-full&#8221; bg_cover=&#8221;cover&#8221; bg_position=&#8221;Center top&#8221; bg_attachment=&#8221;fixed&#8221; bg_image=&#8221;250&#8243;][vc_column][vc_spacer size=&#8221;100px&#8221;][/vc_column][/vc_row][vc_row top=&#8221;33px&#8221; bg_color=&#8221;#ffffff&#8221;][vc_column][vc_column_text]O Advocatório é um serviço de classificação de advogados que actuam no território angolano com destaque nas diversas áreas da prática do Direito e da Justiça e que pretendam alcançar um alto grau de reconhecimento por pares no âmbito profissional. A expressão Advocatório foi originalmente concebida [&hellip;]</p>
